?
5
What is the hundreds digit of 25722476?
4
What is the hundreds digit of 59678129?
1
What is the ten thousands digit of 254471938?
7
What is the thousands digit of 76290400?
0
What is the ten thousands digit of 91267295?
6
What is the hundred thousands digit of 147733443?
7
What is the hundreds digit of 701496403?
4
What is the hundred millions digit of 350565094?
3
What is the billions digit of 1113265002?
1
What is the units digit of 769829910?
0
What is the ten thousands digit of 613577173?
7
What is the units digit of 49604275?
5
What is the thousands digit of 1039621542?
1
What is the hundreds digit of 22471616?
6
What is the millions digit of 171301497?
1
What is the millions digit of 60407164?
0
What is the tens digit of 18467363?
6
What is the hundred thousands digit of 56285287?
2
What is the tens digit of 1032029441?
4
What is the millions digit of 7430542663?
0
What is the thousands digit of 2733120359?
0
What is the units digit of 144943704?
4
What is the hundred millions digit of 314917723?
3
What is the thousands digit of 204526803?
6
What is the thousands digit of 91456565?
6
What is the ten thousands digit of 5761180645?
8
What is the hundred thousands digit of 219558832?
5
What is the hundred millions digit of 4025061371?
0
What is the ten millions digit of 3092783100?
9
What is the hundred thousands digit of 4333537928?
5
What is the tens digit of 27628625?
2
What is the ten thousands digit of 278705001?
0
What is the hundred millions digit of 1482982922?
4
What is the units digit of 26837910?
0
What is the tens digit of 2998025?
2
What is the units digit of 2342467052?
2
What is the units digit of 342157258?
8
What is the hundred thousands digit of 394675265?
6
What is the hundred millions digit of 286673733?
2
What is the ten millions digit of 284522505?
8
What is the ten thousands digit of 184129937?
2
What is the thousands digit of 7294439789?
9
What is the thousands digit of 2228972699?
2
What is the hundred millions digit of 381894356?
3
What is the units digit of 72826099?
9
What is the hundred thousands digit of 755101269?
1
What is the billions digit of 1634402528?
1
What is the millions digit of 1239224134?
9
What is the hundred millions digit of 1344552352?
3
What is the hundred thousands digit of 67091263?
0
What is the ten millions digit of 3026807757?
2
What is the hundreds digit of 343573990?
9
What is the thousands digit of 34491631?
1
What is the hundreds digit of 151927099?
0
What is the units digit of 1774785166?
6
What is the tens digit of 1494092565?
6
What is the hundred millions digit of 251113835?
2
What is the hundred thousands digit of 252389839?
3
What is the ten thousands digit of 272699608?
9
What is the thousands digit of 537069768?
9
What is the ten thousands digit of 32142082?
4
What is the tens digit of 90598571?
7
What is the tens digit of 1693352905?
0
What is the ten thousands digit of 2228510933?
1
What is the tens digit of 897605480?
8
What is the tens digit of 127340808?
0
What is the ten millions digit of 41438675?
4
What is the tens digit of 4142993?
9
What is the ten millions digit of 20118305?
2
What is the ten thousands digit of 110369357?
6
What is the units digit of 10900955?
5
What is the hundred thousands digit of 1727788175?
7
What is the thousands digit of 57070540?
0
What is the thousands digit of 20664645?
4
What is the hundred millions digit of 840457236?
8
What is the hundreds digit of 765722597?
5
What is the millions digit of 44699812?
4
What is the tens digit of 3413893680?
8
What is the tens digit of 1645483271?
7
What is the millions digit of 269047907?
9
What is the thousands digit of 3382474814?
4
What is the millions digit of 259928185?
9
What is the hundred thousands digit of 2796007567?
0
What is the billions digit of 4270698871?
4
What is the hundred thousands digit of 409546041?
5
What is the units digit of 31164609?
9
What is the thousands digit of 392578528?
8
What is the ten thousands digit of 4954207221?
0
What is the ten thousands digit of 575607709?
0
What is the units digit of 47259847?
7
What is the hundreds digit of 2113336128?
1
What is the ten thousands digit of 718111944?
1
What is the hundreds digit of 1436331705?
7
What is the millions digit of 2747247300?
7
What is the hundred millions digit of 102482024?
1
What is the units digit of 1530138890?
0
What is the units digit of 18770555?
5
What is the hundred thousands digit of 172505603?
5
What is the units digit of 468549850?
0
What is the hundreds digit of 84344514?
5
What is the units digit of 2615088?
8
What is the tens digit of 1058316693?
9
What is the hundreds digit of 20017062?
0
What is the millions digit of 84816926?
4
What is the ten millions digit of 258192626?
5
What is the hundred thousands digit of 26892987?
8
What is the units digit of 3200254586?
6
What is the ten millions digit of 3100205246?
0
What is the millions digit of 45200153?
5
What is the hundred millions digit of 1070897811?
0
What is the tens digit of 3806302153?
5
What is the hundred thousands digit of 1352012103?
0
What is the ten millions digit of 2707146895?
0
What is the hundreds digit of 81032948?
9
What is the millions digit of 7719166751?
9
What is the hundred thousands digit of 3825467499?
4
What is the thousands digit of 790281?
0
What is the thousands digit of 1705277281?
7
What is the units digit of 4348581781?
1
What is the millions digit of 103866761?
3
What is the millions digit of 779496010?
9
What is the thousands digit of 46879470?
9
What is the ten thousands digit of 180355143?
5
What is the thousands digit of 77765603?
5
What is the hundred millions digit of 466938746?
4
What is the units digit of 103542941?
1
What is the hundred millions digit of 227255562?
2
What is the ten millions digit of 162818067?
6
What is the hundreds digit of 46738993?
9
What is the ten thousands digit of 42217984?
1
What is the thousands digit of 288792926?
2
What is the millions digit of 60838668?
0
What is the hundreds digit of 278859390?
3
What is the ten thousands digit of 876334437?
3
What is the billions digit of 2303856925?
2
What is the tens digit of 33945568?
6
What is the hundred millions digit of 748559124?
7
What is the millions digit of 977880641?
7
What is the thousands digit of 305836561?
6
What is the millions digit of 219599757?
9
What is the millions digit of 1230601897?
0
What is the millions digit of 32367848?
2
What is the hundred millions digit of 469542046?
4
What is the hundred millions digit of 6324996514?
3
What is the units digit of 3874808387?
7
What is the thousands digit of 145388719?
8
What is the millions digit of 108269514?
8
What is the units digit of 34278359?
9
What is the units digit of 1428815578?
8
What is the millions digit of 999633640?
9
What is the ten millions digit of 153955762?
5
What is the hundred millions digit of 517148745?
5
What is the hundred thousands digit of 355194447?
1
What is the ten millions digit of 582701834?
8
What is the units digit of 78166707?
7
What is the billions digit of 1274322024?
1
What is the tens digit of 1229874946?
4
What is the ten thousands digit of 10927117?
2
What is the hundred millions digit of 142611421?
1
What is the ten thousands digit of 518178962?
7
What is the hundred thousands digit of 174562941?
5
What is the hundreds digit of 736677352?
3
What is the units digit of 108145707?
7
What is the hundred thousands digit of 647207797?
2
What is the millions digit of 106174620?
6
What is the thousands digit of 355157688?
7
What is the tens digit of 25477432?
3
What is the ten thousands digit of 37524249?
2
What is the units digit of 66583411?
1
What is the hundreds digit of 779969413?
4
What is the hundred thousands digit of 356298972?
2
What is the thousands digit of 763733874?
3
What is the hundreds digit of 30447739?
7
What is the units digit of 724600813?
3
What is the tens digit of 8020403418?
1
What is the units digit of 29618640?
0
What is the hundreds digit of 159416826?
8
What is the hundreds digit of 544693819?
8
What is the thousands digit of 29718207?
8
What is the thousands digit of 2559417481?
7
What is the millions digit of 474187612?
4
What is the tens digit of 15610119?
1
What is the hundred thousands digit of 1007064